o base 2.
1010011101001101110
Convert 2133210020 (base 4) to base 10.
653576
Convert 12341123 (base 5) to base 10.
121413
3adae (base 15) to base 16
2e12a
-22113322 (base 4) to base 16
-a5fa
Convert 7a2698 (base 11) to base 14.
253690
3449a (base 14) to base 15
27a14
What is -10111010011000110 (base 2) in base 15?
-1d420
What is -3040526 (base 8) in base 2?
-11000100000101010110
-323221551 (base 7) to base 15
-1a6d686
999333 (base 12) to base 2
1001010100001110010111
-235a0b (base 12) to base 16
-8b26b
302210 (base 11) to base 9
820675
Convert -2074410 (base 10) to base 12.
-840576
Convert -301573 (base 8) to base 3.
-12001001220
Convert 2403650 (base 11) to base 13.
b3a143
-784526 (base 13) to base 10
-2837204
What is -7986b (base 12) in base 3?
-22020010202
Convert 122200222 (base 3) to base 10.
12905
What is -5427 (base 9) in base 16?
-f9a
What is 11101111000110100 (base 2) in base 9?
205832
2cc5c (base 16) to base 15
3950d
5166675 (base 8) to base 12
5618a5
Convert 1503591 (base 11) to base 10.
2581514
Convert -273747 (base 10) to base 12.
-112503
What is -893b (base 14) in base 4?
-11303121
-3a2774 (base 14) to base 4
-13221121302
What is 304214312 (base 6) in base 9?
10771408
1925511 (base 13) to base 14
1145d88
What is 276044 (base 8) in base 15?
1dc7b
258806 (base 14) to base 6
43402010
Convert -110111110 (base 2) to base 7.
-1205
What is 3303031221 (base 4) in base 5?
223334301
-26466526 (base 7) to base 5
-1110440222
What is 100010111011000101100100 (base 2) in base 15?
c0c87b
Convert -31003323 (base 4) to base 12.
-26b63
-19d8337 (base 14) to base 12
-4398751
-7a9c38 (base 13) to base 10
-2906509
What is -102203301230 (base 4) in base 15?
-6617c2
Convert -3540223 (base 6) to base 12.
-8a673
1153121115 (base 6) to base 4
302300323013
Convert -c799c (base 16) to base 11.
-509280
100010101111001111010 (base 2) to base 15
177418
What is 11200201011 (base 3) in base 8?
264323
-234597 (base 11) to base 2
-1011010110101011100
-1100001011010001100 (base 2) to base 14
-a5592
Convert 2220140 (base 7) to base 14.
71ac7
Convert 2513224 (base 6) to base 13.
4912c
-41551160 (base 7) to base 13
-95ab1b
Convert -15116888 (base 9) to base 14.
-dd72bc
5717a0 (base 16) to base 14
a880b6
What is 4520513 (base 6) in base 9?
377130
26c2aa (base 15) to base 7
21561160
Convert 2dc02a (base 14) to base 7.
16445053
Convert 931a6 (base 11) to base 5.
13322444
What is 138214 (base 9) in base 4?
110230003
What is 13e8cf (base 16) in base 7?
14043014
What is -577280 (base 10) in base 12?
-23a0a8
What is -2980b16 (base 13) in base 10?
-13225621
6b56 (base 14) to base 12
a9a0
Convert 44043 (base 8) to base 10.
18467
Convert 154058 (base 12) to base 6.
11412152
Convert 2031101320 (base 4) to base 15.
b66da
What is 111210110 (base 4) in base 7?
515360
What is -16913 (base 13) in base 12?
-21068
Convert 104034 (base 6) to base 12.
501a
Convert -1422425 (base 8) to base 3.
-202110102011
Convert -10001000010000100100111 (base 2) to base 4.
-101002010213
What is 17b98 (base 12) in base 7?
202451
Convert 237a5d (base 15) to base 8.
6361514
Convert -26300211 (base 7) to base 8.
-11126263
Convert -1211110222 (base 3) to base 7.
-210110
-21221202202101 (base 3) to base 14
-7c07b6
Convert -3222361 (base 8) to base 6.
-30244025
What is -b96098 (base 14) in base 16?
-5fcd06
What is 431917 (base 10) in base 7?
3446143
Convert 111000100101001101 (base 2) to base 5.
24404012
What is 1b7ad7 (base 14) in base 6?
33013101
-2103051 (base 6) to base 12
-4aa87
Convert 30255255 (base 7) to base 10.
2518101
Convert -224342 (base 13) to base 7.
-6606524
1323033 (base 6) to base 12
36479
10202110101011 (base 3) to base 16
1e78cd
Convert 28dd7 (base 16) to base 7.
1264666
Convert -3929695 (base 11) to base 7.
-111565150
-12112302 (base 4) to base 12
-13096
What is -1100011111000101001 (base 2) in base 14?
-a9157
11340022 (base 6) to base 5
42330433
What is 41205301 (base 6) in base 8?
4406645
Convert -40653 (base 14) to base 9.
-255445
What is -50112004 (base 6) in base 2?
-101011000000010100100
-23987 (base 15) to base 13
-3c89b
What is -6b709 (base 16) in base 13?
-1253ca
What is -4421120041 (base 5) in base 13?
-1c95552
2096289 (base 11) to base 3
20221010102102
What is a57b51 (base 12) in base 14?
4bb885
Convert 49801 (base 15) to base 5.
30002201
What is -9038464 (base 10) in base 15?
-bd80e4
-332b8 (base 12) to base 16
-108ec
Convert -11010000101110001000011 (base 2) to base 8.
-32056103
What is 255540 (base 11) in base 2?
1100010010010110011
What is -100001010001111101001 (base 2) in base 6?
-35212441
Convert -2441411403 (base 5) to base 10.
-5810228
35703035 (base 8) to base 3
112201222000110
What is -13377105 (base 8) in base 16?
-2dfe45
Convert -5568278 (base 9) to base 12.
-1006a75
What is 10101111101100101 (base 2) in base 3?
11120101202
What is -6e9f9 (base 16) in base 2?
-1101110100111111001
What is 5740cd (base 16) in base 15?
77e44b
Convert -430420 (base 5) to base 13.
-6793
Convert -7516121 (base 11) to base 14.
-1a85093
What is -196553 (base 10) in base 2?
-101111111111001001
-1026063 (base 8) to base 16
-42c33
Convert -100010111011001011010 (base 2) to base 9.
-2133746
Convert -a18223 (base 12) to base 4.
-21220000323
What is 426096 (base 16) in base 10?
4350102
Convert 39c11 (base 15) to base 12.
8b05a
Convert -2331321241 (base 5) to base 8.
-24273502
Convert 44479 (base 10) to base 4.
22312333
What is 151153 (base 11) in base 10?
235766
-232cc (base 13) to base 3
-10021002111
Convert -1010233023 (base 4) to base 8.
-1045713
What is 4453723 (base 10) in base 16?
43f55b
Convert -104025 (base 12) to base 3.
-110222212002
What is 89409 (base 14) in base 11?
208061
-13043114 (base 8) to base 15
-3c4ada
What is 10554312 (base 7) in base 4?
3200320113
16b996 (base 15) to base 3
2002000020020
-137e64 (base 15) to base 7
-10655020
Convert 14200303404 (base 5) to base 12.
619a411
Convert -17d7a (base 15) to base 13.
-29245
Convert -10223003 (base 5) to base 8.
-247763
Convert -471793 (base 11) to base 7.
-6236406
What is 44310144 (base 5) in base 2?
1011110000000011001
Convert -20022306 (base 7) to base 10.
-1652727
Convert 323336103 (base 7) to base 14.
27db3aa
11110010000011001010010 (base 2) to base 15
a6a0ee
Convert 202112112021 (base 3) to base 7.
3302401
-120120010201220 (base 3) to base 7
-130201401
-1010000111111010111 (base 2) to base 8
-1207727
Convert -124421 (base 9) to base 15.
-1753a
What is 1a337b (base 12) in base 2?
1110000110001001111
What is 2b5a05 (base 12) in base 8?
2635145
81ee2a (base 15) to base 6
340212521
What is -27170527 (base 8) in base 12?
-2058b33
Convert 5c398 (base 14) to base 3.
102110122101
Convert -65a86 (base 13) to base 3.
-100100121102
Convert -23131303000 (base 4) to base 16.
-2ddcc0
What is 113300213 (base 4) in base 5?
11103234
Convert -3130100100 (base 5) to base 13.
-1461b95
What is 245123 (base 13) in base 5?
210234023
13543348 (base 9) to base 13
1508252
What is -34216 (base 13) in base 2?
-10111001001101100
7c006 (base 15) to base 13
10a976
What is -21020220121 (base 3) in base 2?
-100010110111100011
Convert 3562237 (base 8) to base 3.
1211120212022
Convert -43aa02 (base 15) to base 9.
-6055342
Convert -22020111200022 (base 3) to base 6.
-233511525
-10230334344 (base 5) to base 13
-230b865
1011010100101111011111 (base 2) to base 11
1748346
17191 (base 11) to base 6
303535
Convert -841978 (base 10) to base 5.
-203420403
2102212313 (base 4) to base 2
10010010100110110111
-657025 (base 14) to base 10
-3438265
Convert 652bad (base 14) to base 8.
15045005
1884355 (base 11) to base 10
3182844
What is -153b67 (base 13) in base 7?
-4304466
Convert -22c28 (base 16) to base 2.
-100010110000101000
Convert 21332000 (base 5) to base 2.
101100110001001111
-481e7 (base 15) to base 14
-5db26
What is 2a604 (base 11) in base 4?
22210322
What is 4b3177 (base 14) in base 15?
360255
What is -41817 (base 12) in base 14?
-233d9
2b1752b (base 13) to base 3
221221020021000
1101752 (base 14) to base 16
7b297c
What is 30012311 (base 4) in base 13?
19757
-21003115 (base 6) to base 16
-943f7
What is 162840 (base 9) in base 4?
120203031
What is -2110400341 (base 5) in base 8?
-20571414
-aa9d4 (base 14) to base 15
-82800
What is -2032311122 (base 4) in base 